?
2
Let c be 9/6 + (-7)/(-14). Suppose -4*w = 5*o - 1085 + 113, -o + 200 = -c*w. What is the units digit of o?
6
Suppose n + 9 = -3*p, -1 = -p - p - 3*n. Let r(i) = -4*i - 7*i - 3 - 6*i. What is the units digit of r(p)?
5
Let d be 5922 + (-9)/(45/10). What is the tens digit of (-1)/(-5) + (-6 - d/(-25))?
3
Suppose -5*d + 243 = -2*g, 0 = 5*d - 5*g - 88 - 167. Let a = d - 20. What is the units digit of a?
7
Suppose 2*z - 9 = c, 2*z + 4*c - 8 + 24 = 0. Suppose -m = -2*m + z. Suppose d = 5*b + 32, -m*d - b - 52 = -6*d. What is the tens digit of d?
1
Suppose -o + 150 = -0*o. Let i = -79 + o. What is the units digit of i?
1
Suppose -14*s + 9810 = 2936. What is the hundreds digit of s?
4
Let k(p) = 2*p + 5. Let d = 14 + 2. Let t = -18 + d. What is the units digit of k(t)?
1
Let g be ((-50)/40)/(2/(-8)). Suppose -g*s = 4*z - 314, -z - z = 4*s - 160. Suppose 0*v + z = 4*v. What is the units digit of v?
9
Let d = 7 + -1. Suppose -3*o + 0 = -d. Suppose -x = -5*b + 38, 0 = -x + 2*x - o. What is the units digit of b?
8
Suppose 5*a - 312 = t, -2*t - 2*a - 987 = t. Let u = -116 - t. What is the units digit of u?
1
Suppose -14 = -b + 6. Let q = b - 18. Suppose j - q*j + 24 = 0. What is the tens digit of j?
2
Let c = 5 - 5. Suppose b + 0 - 12 = c. Suppose -4*r + b = -2*r. What is the units digit of r?
6
Suppose 0 = 2*v + 2*v. Let k = 2 + 1. Suppose v = -k*h + h + 6. What is the units digit of h?
3
Suppose 12 = c - 4. Suppose -4*u + 171 + c = 5*v, -5*u = -2*v - 275. What is the units digit of u?
3
Let l = 29 + -5. Let o = 75 - l. Suppose -2*u + 3*x - o = -5*u, 2*u - 42 = -4*x. What is the units digit of u?
3
Suppose 2*y = -0*y - 20. Let g = 14 + y. What is the tens digit of 21/14 + 122/g?
3
Suppose -325 - 53 = -18*x. What is the hundreds digit of 449/3 - 14/x?
1
What is the units digit of 6/(-4) + (-5 - 2070/(-12))?
6
Suppose 0 = 5*t + t - 30. Suppose 4*h + 0 = -t*l + 2, 0 = -3*l - 3*h. What is the tens digit of 0 + -124*l/(-4)?
6
Let a = 8391 + -5686. What is the units digit of a?
5
Let c(k) = -295*k - 474. What is the tens digit of c(-12)?
6
Let j(x) = 8*x + 58. Let h be j(-21). Let y = h - -116. What is the units digit of y?
6
Suppose 4*n = 4815 + 889. What is the hundreds digit of n?
4
Suppose -288 = -4*l + 104. What is the units digit of l?
8
Let a be 3*(-3 + 4/1). Let c be (16 - 8) + (0 - a). Suppose 0*p = -c*p + 15. What is the units digit of p?
3
What is the hundreds digit of (-7184)/24*3/(-7)*7?
8
Suppose 4*u - 27 = -11. Let f be 64/6 + u/(-6). What is the tens digit of 28/((-5)/(f/(-4)))?
1
Suppose 3*b - 8857 = -4*l, -5*l + 22*b = 17*b - 11115. What is the tens digit of l?
1
Let m = 20 - 17. Suppose -63 = -4*i + m*i - f, 2*f = 4*i - 258. What is the tens digit of i?
6
Suppose 0 = -u + 3*b + 5, 55 = -3*u + 7*u - 5*b. Let p(z) = -11*z + 6 + 2*z - u + 0*z. What is the units digit of p(-9)?
7
Let b(g) = -g**3 - 4*g**2 + 6*g - 5. Let j be b(-6). Suppose -5*d + l = -225, -3*l - j = -5*d + 4*d. What is the units digit of d?
6
Suppose -42*s = -18540 - 3804. What is the units digit of s?
2
Let j(g) = -22*g - 30. Let t be j(-5). Suppose 3*h - t = 484. What is the hundreds digit of h?
1
Suppose 3*i + 61 + 59 = 0. Let a = -21 - i. What is the tens digit of a?
1
Let k(s) = -83*s**3 - s**2 - 3*s - 1. Let g be k(-2). Suppose 4*w = 4*z - 532, 6*z - z - g = 2*w. What is the hundreds digit of z?
1
Let a(i) = -2*i**2 - 16*i + 4. Let s be a(-8). What is the hundreds digit of (-17754)/(-110) + s/(-10)?
1
Let j be (-2)/1*(-309)/(-6). Let m = j - -152. What is the units digit of m?
9
Let o = 63 + -42. Let v be (-2)/(-3) - o/(-9). Suppose -54 = -v*j - 2*h, -15 = -2*j + 3*h + 21. What is the units digit of j?
8
Suppose 9*h - 165 = 4*h. Let u = -26 + 34. Let z = h + u. What is the units digit of z?
1
What is the tens digit of 437/(2/4*(13 + -11))?
3
Let a(r) = -19*r + 12. Let v be a(-5). Suppose -o + 68 = -v. What is the tens digit of o?
7
Suppose 0 = 7*f + 3 - 38. Suppose 4*c - 36 = -0*c. Suppose c = f*k - 46. What is the tens digit of k?
1
Let r = -183 - -668. Suppose -3*c + 378 = 4*p, 4*c + 3*p = 4*p + r. What is the tens digit of c?
2
Suppose p + 293 = -4*p - 3*x, -5*p - 294 = 4*x. Let n = p + 100. What is the units digit of n?
2
Let m(x) = -x + 5. Let d be m(0). Suppose -d*t = 5*o - 0*t + 5, -5*o + 15 = t. Let i(f) = 2*f**2 - 5*f + 2. What is the units digit of i(o)?
4
Suppose -2*s - 15 = -7*s. Suppose d + 2*v - 71 = -11, s*d = v + 173. What is the tens digit of d?
5
Let t = -236 + -160. Let g = -211 - t. What is the units digit of g?
5
Let a(s) = -6 + 21*s**3 - 4*s + 17*s - 2*s**2 - 22*s**3. What is the units digit of a(-6)?
0
Let j(l) = -5*l**2 + 4*l + 5. Let n(i) = -i**2 + i. Let z(d) = -j(d) + n(d). Let b be 0 + (-1)/((-1)/4). What is the units digit of z(b)?
7
Let q = 125 + -55. Let i be (8/(-10))/((-7)/q). Suppose -i = -2*j + 44. What is the units digit of j?
6
Let w be ((-28)/(-14))/(2*-1). Let m = w - -5. Suppose -m*q + 3*q = -3*s + 61, -2*s = -5*q - 45. What is the tens digit of s?
2
Let x(q) be the first derivative of -q**3/3 - 2*q**2 + 2*q + 5. Let t be x(3). Let y = 21 - t. What is the units digit of y?
0
Let o = -40 - -42. Suppose 5*h = y - 71 - 86, -o = 2*h. What is the hundreds digit of y?
1
Let s(o) = -12*o + 33. Let z(p) = 3*p - 8. Let f(a) = 2*s(a) + 9*z(a). Let x be f(4). Let y = x - -13. What is the tens digit of y?
1
Suppose 5*t - 3 - 22 = 0. Suppose 0 = t*p - 10 - 60. What is the units digit of p?
4
Suppose 16 = 5*c - 9. Suppose 4*h = c*t - 435, 0 = 2*t + 2*t + 4*h - 348. Suppose 3*i + 0*i = t. What is the units digit of i?
9
Let s be (-6)/(-33) + 26390/55. Suppose -8*c - 120 = -s. What is the units digit of c?
5
Suppose -70 = 3*o + 1166. Let f = -240 - o. What is the tens digit of f?
7
Suppose 3*i + 5*s + 29 = 0, -5*i - 7 = -3*s + s. What is the units digit of (-2)/(((-30)/(-45))/(38/i))?
8
Let p(j) = j**2 + j + 67 - 56 - 9*j. What is the units digit of p(10)?
1
Suppose -86*b + 15 = -85*b. What is the units digit of b?
5
Suppose 69*u = 83294 - 4772. What is the hundreds digit of u?
1
Suppose 4*m + 220 - 80 = 0. Let d = m - -84. What is the units digit of d?
9
Let h be (((-9)/(-4))/(-3))/((-78)/208). Suppose -h*d = -r - 11 + 68, 4*d + 163 = 3*r. What is the tens digit of r?
4
Let b(k) = 2*k - 1. Suppose 3*m + 269 = 62. Let v be m/(-21) - 2/7. What is the units digit of b(v)?
5
Suppose -1411 = -3*k + 4*l, 0*k + 2*k + 2*l - 922 = 0. Suppose 0 = 10*i - 5*i - k. What is the tens digit of i?
9
Let j be (-15)/5 + 5 + -4. What is the units digit of -7 - -8 - (-64 + j)?
7
Let s(d) = -17*d + 39. Let j be s(-6). Let f = j + 128. What is the tens digit of f?
6
Let b(w) = 21*w + 381. What is the hundreds digit of b(7)?
5
Let b(x) = x**3 - 16*x**2 - 3*x + 17. Let j be b(18). Suppose -j = 6*t - 2405. What is the units digit of t?
9
Let x(z) be the first derivative of z**3/6 + 37*z**2/2 + 2*z + 6. Let h(u) be the first derivative of x(u). What is the tens digit of h(-14)?
2
Let u(k) be the first derivative of 1/3*k**3 + 1/2*k**2 - k - 5. What is the units digit of u(2)?
5
Suppose -5*r + 4*a + 1486 = -4119, 4*r = 3*a + 4484. What is the hundreds digit of r?
1
Suppose -2*z + 4*c + 4556 = 0, -6*z - 5*c = -z - 11360. What is the hundreds digit of z?
2
Let j(i) = i**3 + i**2 - 6*i + 12. Let g(x) = -x**3 + 7*x - 12. Let t(c) = 5*g(c) + 6*j(c). What is the units digit of t(5)?
2
Let s = -333 + 513. What is the units digit of s?
0
Suppose -79 = -4*z - 455. Let t = 17 - z. Suppose 4*h - 222 - 49 = -5*x, -h = -2*x + t. What is the tens digit of x?
5
Let q(f) = -f**2 + 7*f + 0*f**2 + 63*f**3 - 4*f - 1 - 2*f**2. What is the units digit of q(1)?
2
What is the hundreds digit of 56/(-70) - (-7378)/10?
7
Let x(j) = j**2 + 12*j - 25. What is the tens digit of x(-15)?
2
Suppose -4*l = -d + 7 - 31, 56 = -5*d + 4*l. Let v be -2 + 5 + d/(-4). Suppose -4 = -3*a + v. What is the units digit of a?
3
Suppose 4*i + 0 = 4. Let v be 10/(-4)*20/i. Let f = -36 - v. What is the tens digit of f?
1
Let v = -531 + 998. What is the units digit of v?
7
Suppose -5*x + x - 9 = m, 11 = m - x. Let h(f) be the third derivative of -f**5/60 + 3*f**4/8 + f**3/6 - f**2. What is the units digit of h(m)?
5
Let i(y) = 7*y**3 + 17*y**2 + 15*y + 11. Let z(u) = 6*u**3 + 16*u**2 + 14*u + 11. Let v(k) = -5*i(k) 